{"id":67,"date":"2026-02-03T23:40:54","date_gmt":"2026-02-03T22:40:54","guid":{"rendered":"https:\/\/www.hotelsanpaolovarazze.it\/?page_id=67"},"modified":"2026-02-09T08:35:55","modified_gmt":"2026-02-09T07:35:55","slug":"collaborazioni","status":"publish","type":"page","link":"https:\/\/www.hotelsanpaolovarazze.it\/?page_id=67","title":{"rendered":"PARTNERS"},"content":{"rendered":"<p style=\"text-align: right;\"><strong>All&#8217; Hotel San Paolo, crediamo fermamente che nessuno possa costruire grandi cose da solo. Il successo di un progetto non dipende solo dalle nostre competenze, ma anche dalla qualit\u00e0 delle relazioni che tessiamo con chi condivide i nostri stessi valori.<\/strong><\/p>\n<p style=\"text-align: right;\"><strong>\u00a0<\/strong><\/p>\n<ul>\n<li style=\"text-align: right;\">\n<p data-path-to-node=\"6,0,0\"><strong>Trasparenza e Integrit\u00e0: Vogliamo che chi ci sceglie sappia esattamente con chi lavoriamo. Mettere in luce i nostri partner significa essere trasparenti sulla qualit\u00e0 dei materiali, dei servizi e delle competenze che portiamo a termine ogni giorno.<\/strong><\/p>\n<\/li>\n<li style=\"text-align: right;\">\n<p data-path-to-node=\"6,0,0\"><strong>Valorizzazione del Talento: \u00c8 giusto dare merito a chi contribuisce al nostro percorso. Ogni partner presente in questa pagina \u00e8 stato scelto perch\u00e9 rappresenta un\u2019eccellenza nel proprio campo.<\/strong><\/p>\n<\/li>\n<li style=\"text-align: right;\">\n<p data-path-to-node=\"6,2,0\"><strong>Crescita Condivisa: Crediamo nel valore delle sinergie. Supportare la visibilit\u00e0 dei nostri partner \u00e8 il nostro modo di ringraziarli per la fiducia reciproca e per la strada fatta insieme.<\/strong><\/p>\n<\/li>\n<\/ul>\n<p><strong>\u00a0<\/strong><\/p>\n","protected":false},"excerpt":{"rendered":"<p>All&#8217; Hotel San Paolo, crediamo fermamente che nessuno possa costruire grandi cose da solo. Il successo di un progetto non dipende solo dalle nostre competenze, ma anche dalla qualit\u00e0 delle relazioni che tessiamo con chi condivide i nostri stessi valori. \u00a0 Trasparenza e Integrit\u00e0: Vogliamo che chi ci sceglie sappia esattamente con chi lavoriamo. Mettere &hellip; <a href=\"https:\/\/www.hotelsanpaolovarazze.it\/?page_id=67\" class=\"more-link\">Continua la lettura di <span class=\"screen-reader-text\">PARTNERS<\/span> <span class=\"meta-nav\">&rarr;<\/span><\/a><\/p>\n","protected":false},"author":2,"featured_media":0,"parent":0,"menu_order":0,"comment_status":"open","ping_status":"open","template":"","meta":{"footnotes":""},"class_list":["post-67","page","type-page","status-publish","hentry"],"_links":{"self":[{"href":"https:\/\/www.hotelsanpaolovarazze.it\/index.php?rest_route=\/wp\/v2\/pages\/67","targetHints":{"allow":["GET"]}}],"collection":[{"href":"https:\/\/www.hotelsanpaolovarazze.it\/index.php?rest_route=\/wp\/v2\/pages"}],"about":[{"href":"https:\/\/www.hotelsanpaolovarazze.it\/index.php?rest_route=\/wp\/v2\/types\/page"}],"author":[{"embeddable":true,"href":"https:\/\/www.hotelsanpaolovarazze.it\/index.php?rest_route=\/wp\/v2\/users\/2"}],"replies":[{"embeddable":true,"href":"https:\/\/www.hotelsanpaolovarazze.it\/index.php?rest_route=%2Fwp%2Fv2%2Fcomments&post=67"}],"version-history":[{"count":5,"href":"https:\/\/www.hotelsanpaolovarazze.it\/index.php?rest_route=\/wp\/v2\/pages\/67\/revisions"}],"predecessor-version":[{"id":126,"href":"https:\/\/www.hotelsanpaolovarazze.it\/index.php?rest_route=\/wp\/v2\/pages\/67\/revisions\/126"}],"wp:attachment":[{"href":"https:\/\/www.hotelsanpaolovarazze.it\/index.php?rest_route=%2Fwp%2Fv2%2Fmedia&parent=67"}],"curies":[{"name":"wp","href":"https:\/\/api.w.org\/{rel}","templated":true}]}}